{"id":393,"date":"2020-11-30T18:40:09","date_gmt":"2020-11-30T18:40:09","guid":{"rendered":"http:\/\/ceepuswwih.ung.si\/?page_id=393"},"modified":"2021-01-29T14:41:22","modified_gmt":"2021-01-29T14:41:22","slug":"zofka-kveder","status":"publish","type":"page","link":"http:\/\/ceepuswwih.ung.si\/?page_id=393","title":{"rendered":"Zofka Kveder"},"content":{"rendered":"\n<p class=\"has-text-align-center\"><strong>WOMAN WRITER OF NOVEMBER <\/strong><\/p>\n\n\n\n<p class=\"has-text-align-center\">Darko Ilin, M.A. student, University of Nova Gorica<\/p>\n\n\n\n<p class=\"has-text-align-center\"><strong>ZOFKA KVEDER (1878-1926)<\/strong><\/p>\n\n\n\n<div class=\"wp-block-image\"><figure class=\"aligncenter size-large is-resized\"><img loading=\"lazy\" decoding=\"async\" src=\"http:\/\/ceepuswwih.ung.si\/wp-content\/uploads\/2020\/11\/Kveder-1.png\" alt=\"\" class=\"wp-image-374\" width=\"216\" height=\"236\"\/><\/figure><\/div>\n\n\n\n<p><strong>Zofka Kveder &#8211; first Slovenian professional woman writer<\/strong><\/p>\n\n\n\n<p>Zofka Kveder (1878\u20131926) significantly contributed to the cultural life in Slovenia, the Austro-Hungarian Empire and the Kingdom of Serbs, Croats and Slovenes. She was the most distinguished Slovenian woman author in the beginning of the 20th century: a journalist, translator and established feminist who actively debated women\u2019s issues. In her prose, which was heavily influenced by her feminist ideas, Kveder depicted gender-based violence within the proletariat as well as more delicate means of restraining women, such as loveless arranged marriages. Addressing topics that were deemed unmentionable at the time, in particular sexuality, and deconstructing the image of a woman as \u201cthe angel in the house\u201d were the main reasons for conservative contemporaries not valuing her work. Kveder\u2019s dramatic and prosaic oeuvre is therefore imbued not only with new ideas of women\u2019s empowerment, but also with an immense compassion for the marginalized and an authentic understanding of the zeitgeist. By writing in different languages, portraying the experience of an emancipated woman and by tackling troublesome topics, Zofka Kveder expanded the horizons of Slovene literature and culture while also establishing an identity of the woman writer in the beginning of the XXth century.<\/p>\n\n\n\n<p>In her short story Tuje solze (Someone Else\u2019s Tears) published in 1902, Zofka Kveder reflects upon the position of a woman writer whose work is looked down upon. In this text, she points to the positive impact of emotions as the traditional characteristic of texts written by women. Emotions are a valuable asset to narrative art and she accentuates the value of articulating emotions through literature. Therefore, in this text, Zofka Kveder oultines her fundamental understanding of the importance of narrative empathy. <\/p>\n\n\n\n<p><strong>Zofka Kveder in her own words: Someone Else\u2019s Tears<\/strong><\/p>\n\n\n\n<p>We were talking about a writer. \u201cI don\u2019t like her,\u201d someone said. She never gives herself, her heart, her soul. Where is she, honestly?! Her eyes are burnt out, there is nothing else within them; she views everything with the eye of a detective, stern and cold; her eyes search and discover. But where is she, where is her soul, where is her heart, where is her laughter, where are her tears? You can\u2019t find them, can\u2019t find them!\u201d And the others agreed: \u201cYes, it\u2019s true, we can\u2019t find them. She is a real talent, she fought for it, but she lacks courage or has too much pride to give us more than just her talent; she doesn\u2019t give us her soul and her eyes are cold and silent, they are like convent windows in deserted streets. But this is no longer enough, today, when we spill our heart\u2019s blood around, when with painful joy we tear off the last bandages of our souls!\u201d \u201cIt is not enough, it is not enough!\u201d they kept saying and some were preparing to say nasty things about this writer, this silent and unapproachable writer. Then my friend spoke up, my friend with dreamy eyes and a profound soul. With a timid and quiet voice she said: \u201cIt is not enough?! It is not enough that she walks after us and picks up our tears, that she collects our sighs and captures our rare smiles?! We are ungrateful, ungrateful, all of us.\u201dShe blushed, lowered her eyes and didn\u2019t say a single word for the whole afternoon. When I walked home along a dusty road and I got to the hill, tired and sweaty, I turned back and I thought I saw a woman with cold and searching eyes walking at the foot of the hill. She was collecting tears and stored each and every one of them in her heart. And when she got closer, I noticed that tears were dropping of her cold, extinct, searching eyes and falling down on the road. These large, bitter tears are falling from her searching eyes to the road, but she walks on, her feet stepping into her glittering tears and covering them with grey, dirty road dust. She walks on and bends down to the ground and captures every tear someone has dropped and keeps it in her heart.***Zofka Kveder is the only Slovenian Woman Writer presented on the caricature by Hinko Smrekar, Slovenian writers, 1913<\/p>\n\n\n\n<figure class=\"wp-block-image size-large\"><img loading=\"lazy\" decoding=\"async\" width=\"792\" height=\"548\" src=\"http:\/\/ceepuswwih.ung.si\/wp-content\/uploads\/2020\/11\/image.png\" alt=\"\" class=\"wp-image-377\" srcset=\"http:\/\/ceepuswwih.ung.si\/wp-content\/uploads\/2020\/11\/image.png 792w, http:\/\/ceepuswwih.ung.si\/wp-content\/uploads\/2020\/11\/image-300x208.png 300w, http:\/\/ceepuswwih.ung.si\/wp-content\/uploads\/2020\/11\/image-768x531.png 768w, http:\/\/ceepuswwih.ung.si\/wp-content\/uploads\/2020\/11\/image-24x17.png 24w, http:\/\/ceepuswwih.ung.si\/wp-content\/uploads\/2020\/11\/image-36x25.png 36w, http:\/\/ceepuswwih.ung.si\/wp-content\/uploads\/2020\/11\/image-48x33.png 48w\" sizes=\"auto, (max-width: 792px) 100vw, 792px\" \/><\/figure>\n\n\n\n<p><strong>Read more about Zofka Kveder<\/strong><\/p>\n\n\n\n<p>Katja Mihurko Poni\u017e: Ambiguous views on femininity in the writings of two &#8220;New Women&#8221; in the fin de si\u00e8cle: Zofka Kveder&#8217;s inspirational encounters with Laura Marholm&#8217;s modern women. V: MIHURKO PONI\u017d, Katja (ur.). Reception of foreign women writers in the Slovenian literary system of the long 19th century. Nova Gorica: University of Nova Gorica Press. 2017, str. 37-71. http:\/\/www.ung.si\/media\/storage\/cms\/attachments\/2017\/04\/03\/14\/57\/48\/HERA.pdf.<\/p>\n\n\n\n<p>A comprehensive comparative analysis reveals the overlooked qualities of the book <em>Modern Women <\/em>(<em>Das Buch der Frauen<\/em>, 1894) trying to answer the question why this particular book inspired Zofka Kveder\u2019s feminist collections of short stories <em>Misterij \u017eene <\/em>(The Mystery of a Woman, 1900). The author of this chapter concludes that the reception of Laura Marholm was as ambivalent as her book, which became evident in the analysis of the reception of another writer, Zofka Kveder herself. The research to now was focused only on the reception in the western part of Europe, which demonstrated a positive reception by the public with traditional views of women, and a negative reception by feminists.<\/p>\n","protected":false},"excerpt":{"rendered":"<p>WOMAN WRITER OF NOVEMBER Darko Ilin, M.A. student, University of Nova Gorica ZOFKA KVEDER (1878-1926) Zofka Kveder &#8211; first Slovenian professional woman writer Zofka Kveder (1878\u20131926) significantly contributed to the cultural life in Slovenia, the Austro-Hungarian Empire and the Kingdom of Serbs, Croats and Slovenes. She was the most distinguished Slovenian woman author in the [&hellip;]<\/p>\n","protected":false},"author":1,"featured_media":0,"parent":351,"menu_order":1,"comment_status":"closed","ping_status":"closed","template":"","meta":{"ngg_post_thumbnail":0,"footnotes":""},"class_list":["post-393","page","type-page","status-publish","hentry"],"_links":{"self":[{"href":"http:\/\/ceepuswwih.ung.si\/index.php?rest_route=\/wp\/v2\/pages\/393","targetHints":{"allow":["GET"]}}],"collection":[{"href":"http:\/\/ceepuswwih.ung.si\/index.php?rest_route=\/wp\/v2\/pages"}],"about":[{"href":"http:\/\/ceepuswwih.ung.si\/index.php?rest_route=\/wp\/v2\/types\/page"}],"author":[{"embeddable":true,"href":"http:\/\/ceepuswwih.ung.si\/index.php?rest_route=\/wp\/v2\/users\/1"}],"replies":[{"embeddable":true,"href":"http:\/\/ceepuswwih.ung.si\/index.php?rest_route=%2Fwp%2Fv2%2Fcomments&post=393"}],"version-history":[{"count":4,"href":"http:\/\/ceepuswwih.ung.si\/index.php?rest_route=\/wp\/v2\/pages\/393\/revisions"}],"predecessor-version":[{"id":463,"href":"http:\/\/ceepuswwih.ung.si\/index.php?rest_route=\/wp\/v2\/pages\/393\/revisions\/463"}],"up":[{"embeddable":true,"href":"http:\/\/ceepuswwih.ung.si\/index.php?rest_route=\/wp\/v2\/pages\/351"}],"wp:attachment":[{"href":"http:\/\/ceepuswwih.ung.si\/index.php?rest_route=%2Fwp%2Fv2%2Fmedia&parent=393"}],"curies":[{"name":"wp","href":"https:\/\/api.w.org\/{rel}","templated":true}]}}